be a(8). Let m = d + 249. Let s = -50 + m. Calculate the greatest common factor of s and 20.
10
Suppose 0 = -2*w - 2*w + 12. Let m be (38*(-1)/(-8))/(13 + 4340/(-336)). Calculate the highest common factor of w and m.
3
Suppose -6 = -3*o - 0*o. Suppose -x - o*y - 22 + 94 = 0, 0 = -2*x - y + 147. Calculate the highest common factor of x and 185.
37
Suppose 4*u - 75 = d, 2*d + 78 = -1710*u + 1714*u. What is the highest common divisor of 585 and u?
9
Let c(z) = -z**3 + 76*z**2 + 12*z - 48. Let h be c(76). Calculate the greatest common factor of h and 32.
32
Suppose -236*y + 103131 = -2692 - 110589. What is the greatest common divisor of y and 131?
131
Let l be -47*((-12)/10 + (-1)/(35/28)). What is the greatest common divisor of 7238 and l?
94
Let m be (-2276)/(-5) - (255/25 + -11). Calculate the greatest common factor of m and 312.
24
Let w be -318*2/(-20) + (-1)/(-5). Let z be 1*6/(-21) + w/14. Suppose 22 = -q + 3*q + 2*v, 3*v = -z*q + 25. Calculate the greatest common factor of 72 and q.
8
Suppose 2*t - 15 = -t. Suppose -16 = -t*y + 19. Let d = 84 + -49. What is the highest common divisor of d and y?
7
Let v be 9*(1 - (-7)/3). Let g(l) = -l**2 - 282*l - 8850. Let s be g(-36). What is the highest common factor of v and s?
6
Let f be 5*-1 - (-19 - 56/2). Calculate the highest common factor of f and 1134.
42
Let y(z) = 7*z - 37. Let b be y(6). Suppose u + 4*o = 597, b*u = -o + 6*o + 2910. Calculate the highest common factor of 65 and u.
65
Let i(k) = -6 - 4*k + 11 - 3 - 12. Let f = -11 + -3. Let n be i(f). What is the highest common divisor of n and 115?
23
Let l(o) = -1141*o - 2024. Let u be l(-2). Let f(b) = 6*b + 8. Let i be f(13). What is the highest common factor of u and i?
86
Let s = -911 + 911. Suppose -12*h - 2*h + 462 = s. Let g = 918 - 588. What is the greatest common factor of g and h?
33
Let q be (-50)/(-14) + 42/98. Suppose -4*y + 0*o + 3*o = 31, q*y - 5*o = -25. Let h be 3/(1 - y/(-15)). What is the highest common factor of h and 6?
3
Let t(v) = -v**3 + 10*v**2 - 7*v + 18. Let n be t(9). Let c be 598/10 - 29/(-145). Calculate the greatest common divisor of n and c.
12
Let d = 115 - 80. Let q(l) = -l**2 + 21*l + 43. Let y be q(22). What is the greatest common factor of d and y?
7
Let l = -1587 + 1873. Calculate the highest common factor of l and 198.
22
Let f(o) = -o**2 + 43*o + 144. Let z be f(46). Suppose 0 = 3*l + 2*c - 208, 5*l - 2*c = z*l - 68. What is the highest common divisor of 280 and l?
70
Suppose 26 - 2 = s. Let b = 45 - s. Suppose 8*a - 322 - 14 = 0. Calculate the greatest common factor of b and a.
21
Let h = 7049 - 7017. Calculate the greatest common factor of h and 824.
8
Suppose 27*w + 19*w = -44*w + 4050. Calculate the greatest common factor of 6315 and w.
15
Let q be (-12288)/(-168) + (48/7)/(-6). What is the greatest common factor of q and 1048?
8
Let g = 63 + -59. Suppose 0*t - 4*t + 8 = 0. Calculate the greatest common divisor of t and g.
2
Suppose 4*p + 238 - 726 = 0. Let q = p + -42. Let o(u) = 10*u - 264. Let d be o(28). Calculate the highest common divisor of d and q.
16
Let t be (-345)/(-92) - (-1)/4. Let w(o) = 8*o - 2. Let y be w(t). Calculate the highest common divisor of 18 and y.
6
Let r = 24141 - 23997. Calculate the highest common divisor of r and 612.
36
Let d(k) = k**3 + 17*k**2 + 15*k - 8. Let y be d(-16). Suppose 0 = -5*l + 3*p + 211 + 700, -3*l + p + 549 = 0. What is the greatest common divisor of l and y?
8
Let t be 2/(-5) - (-9804)/10. Suppose -49*d = 11*d + 4313 - 5513. What is the highest common factor of d and t?
20
Let d(v) = -v**2 + 27*v - 22. Let z be d(26). Suppose -z*y + 466 = 458. Calculate the highest common divisor of 2 and y.
2
Let r = -2134 + 2139. Calculate the highest common factor of 2095 and r.
5
Suppose 2*c - 62 = 3*f - 4*f, -5*f = -5*c - 310. Let l be 5/(-15) - f/(-6). Suppose -22 + 62 = 20*i. What is the highest common divisor of l and i?
2
Suppose -132*z + 11900 = -122*z. What is the greatest common factor of z and 910?
70
Let r = 17 + -13. Suppose r*u = -0*u + 12. Let l be 710/34 - (-8)/68. Calculate the greatest common factor of u and l.
3
Suppose -5*b + x = -220, 4*b + 2*x = 186 - 24. Let p be 3*-9 + 11 + -7. Let r = p + b. What is the highest common factor of 4 and r?
4
Let r be 1 - 0 - (-2 - -2). Let x(f) = 63*f + 365 + 356 + 361 - 1082. Let c be x(r). What is the highest common divisor of 42 and c?
21
Suppose -1365 = 3*o - 3*k, -5*o + 3*k - 910 = -3*o. Let u = -449 - o. What is the highest common divisor of u and 33?
3
Let m = 41840 - 20895. Calculate the highest common divisor of m and 295.
295
Let j = 20816 - 17351. What is the greatest common factor of j and 140?
35
Let i = -302 + 382. Calculate the greatest common divisor of 2600 and i.
40
Suppose 458460 = 165*v - 17*v - 1690500. Calculate the greatest common divisor of 242 and v.
242
Let y(h) = -45*h - 3687. Let g be y(-82). What is the highest common factor of 951 and g?
3
Suppose 6 = 6*l - 3*i, 85*l - 82*l = -4*i + 58. Let f be (9/12)/(1/72). What is the highest common divisor of f and l?
6
Let t = 334 + -330. Suppose -4*y - o + 1051 = 0, -t*o = 6*y - 4*y - 508. What is the greatest common divisor of 33 and y?
33
Let f be ((-1 - 5895/297) + (-2)/(-11))*-36. Calculate the greatest common factor of f and 341.
31
Suppose -5*h + 424*l - 429*l + 20930 = 0, 5*h - 3*l - 20970 = 0. Calculate the greatest common divisor of 33 and h.
33
Let v = 10853 - 10805. Calculate the greatest common factor of 8832 and v.
48
Let b be (-9)/(0 + 14/(-70)). Suppose -2*l = -5*l - 27. Let d = l + 39. What is the greatest common divisor of d and b?
15
Suppose -15*s - 636 = -21111. Calculate the greatest common divisor of s and 2535.
195
Suppose -129*m + 314494 + 771686 = 0. Calculate the highest common factor of m and 20.
20
Let f(u) = 2*u - 2. Let z be f(3). Suppose 5*b + 50 = q, b + z = q - 26. Let g(m) = -34*m + 5. Let s be g(-5). What is the greatest common divisor of s and q?
25
Let f(a) = a**3 + 25*a**2 + 77*a + 101. Let c be f(-21). What is the greatest common divisor of 4154 and c?
62
Let h = 962 - -1131. What is the greatest common factor of h and 39?
13
Suppose -259 = -p - 827. Let l be -5 + p/(-24) + 1/3. Let a(x) = 3*x**2 - 3*x + 2. Let i be a(4). Calculate the highest common divisor of i and l.
19
Suppose -9886 + 7478 = -14*i. What is the highest common factor of i and 860?
172
Suppose -2*j + 45 = -179. Let a be 2/(-6)*-2 - (-203)/(62118/12648). What is the greatest common divisor of j and a?
14
Let s = 5498 - 5478. Let n be (-12)/2*1/(-2). Suppose b = 5, -6*b + n*b = z - 23. What is the highest common factor of z and s?
4
Suppose -119 = -4*f - 87*p + 88*p, 140 = 5*f - 3*p. What is the highest common factor of 5 and f?
1
Let l = 1599 - -111. What is the highest common factor of 114 and l?
114
Let n = 18 - -18. Let u be -10 - -10 - (2 - (-3 - -2)). Let q be ((-171)/76)/(u/16). Calculate the highest common divisor of n and q.
12
Suppose -37606 = 20*j - 42046. What is the highest common divisor of 23754 and j?
222
Let t be (-1)/(1*(-1)/9). Let q = -832 + 837. Suppose 0 = 5*n - 2*k - 182, 244 - 59 = 5*n - q*k. Calculate the highest common factor of t and n.
9
Suppose -14 - 34 = -2*j. Let u(n) = 60*n - 21. Let o(c) = 29*c - 11. Let r(v) = 7*o(v) - 3*u(v). Let q be r(2). What is the greatest common factor of j and q?
8
Let s(a) = -a**3 + 4*a**2 + a + 1. Let j be s(2). Let l be 5*(1 - (-28)/20). Suppose l*t = -9*t + 462. What is the greatest common divisor of t and j?
11
Let b = -108 - -223. Let v = b + 11. Calculate the highest common factor of v and 234.
18
Let a(z) be the third derivative of -z**5/60 + 5*z**4/12 - z**3/6 - 3*z**2 + z. Let m be a(9). What is the greatest common factor of m and 16?
8
Let m = 54 - -23. Suppose 0 = -32*a + 22*a + 2360. Let f = a + -229. What is the highest common factor of f and m?
7
Suppose 2*d = -3*w + 59, -2*d + 3*w = -w - 24. Suppose 39*p = 35*p + 704. Calculate the greatest common factor of p and d.
22
Let t(g) = -590*g - 5*g**2 - 5*g**2 + 597*g - 18 + g**3. Let v be t(10). What is the greatest common divisor of v and 104?
52
Let f(z) = -69*z + 21. Let a be f(-5). Let t = a - 56. What is the highest common divisor of 5 and t?
5
Let i = 885 + -675. What is the highest common factor of 17430 